{"id":3740,"date":"2024-06-12T20:17:38","date_gmt":"2024-06-12T18:17:38","guid":{"rendered":"https:\/\/grbbeta.tuke.sk\/?page_id=3740"},"modified":"2024-06-20T17:38:02","modified_gmt":"2024-06-20T15:38:02","slug":"stredisko-riadenia","status":"publish","type":"page","link":"https:\/\/grbbeta.tuke.sk\/index.php\/stredisko-riadenia\/","title":{"rendered":"Riadiace stredisko"},"content":{"rendered":"<div id='layer_slider_1'  class='avia-layerslider main_color avia-shadow  avia-builder-el-0  el_before_av_one_half  avia-builder-el-first  container_wrap sidebar_right'  style='height: 577px; max-width: 1280px; margin: 0 auto;'  ><\/div><div id='after_layer_slider_1'  class='main_color av_default_container_wrap container_wrap sidebar_right'  ><div class='container av-section-cont-open' ><div class='template-page content  av-content-small alpha units'><div class='post-entry post-entry-type-page post-entry-3740'><div class='entry-content-wrapper clearfix'>\n<div  class='flex_column av-e6u8c-e23439f0ab4963c912252c0e262894c7 av_one_half  avia-builder-el-1  el_after_av_layerslider  el_before_av_one_half  avia-builder-el-first  first flex_column_div  '     ><p>\n<style type=\"text\/css\" data-created_by=\"avia_inline_auto\" id=\"style-css-av-lxbvvxl4-b7e1373674452a838675074cbea40c5d\">\n#top .av-special-heading.av-lxbvvxl4-b7e1373674452a838675074cbea40c5d{\npadding-bottom:10px;\n}\nbody .av-special-heading.av-lxbvvxl4-b7e1373674452a838675074cbea40c5d .av-special-heading-tag .heading-char{\nfont-size:25px;\n}\n.av-special-heading.av-lxbvvxl4-b7e1373674452a838675074cbea40c5d .av-subheading{\nfont-size:15px;\n}\n<\/style>\n<div  class='av-special-heading av-lxbvvxl4-b7e1373674452a838675074cbea40c5d av-special-heading-h3 blockquote modern-quote modern-right  avia-builder-el-2  el_before_av_hr  avia-builder-el-first '><h3 class='av-special-heading-tag'  itemprop=\"headline\"  >Riadiace stredisko satelitov Leteckej fakulty<\/h3><div class=\"special-heading-border\"><div class=\"special-heading-inner-border\"><\/div><\/div><\/div><br \/>\n<div  class='hr av-lxc5txxn-274dadb6fed9213e87d2acce752de012 hr-short  avia-builder-el-3  el_after_av_heading  el_before_av_textblock  hr-right'><span class='hr-inner '><span class=\"hr-inner-style\"><\/span><\/span><\/div><br \/>\n<section  class='av_textblock_section av-lxbvwwlq-95b15c69068f286596efacbe59a66970 '   itemscope=\"itemscope\" itemtype=\"https:\/\/schema.org\/CreativeWork\" ><div class='avia_textblock'  itemprop=\"text\" ><p style=\"text-align: right;\">Leteck\u00e1 fakulta Technickej univerzity v Ko\u0161iciach vybudovala modern\u00e9 Riadiace stredisko satelitov s vybaven\u00edm pre kvalitn\u00e9 vzdel\u00e1vanie, podporu v\u00fdskumu a potrieb podnikate\u013esk\u00fdch a verejn\u00fdch subjektov v oblasti v\u00fdskumu komunik\u00e1cie a prev\u00e1dzky nanosatelitov.<\/p>\n<p style=\"text-align: right;\">Riadiace stredisko satelitov je vybaven\u00e9 zariadeniami s modern\u00fdmi SDR technol\u00f3giami, r\u00e1diostanicami ICOM, ant\u00e9nnym syst\u00e9mom s Cross-Yagi ant\u00e9nami pre p\u00e1smo VHF a UHF a 180cm parabolickou ant\u00e9nou na komunik\u00e1ciu v p\u00e1sme 2,3 GHz. Riadiace stredisko je vybaven\u00e9 v\u00fdpo\u010dtovou technikou a softv\u00e9rom na sledovanie nanosatelitov a komunik\u00e1ciu s nimi.<\/p>\n<p style=\"text-align: right;\">V\u00fdsledky v\u00fdskumu tohto pracoviska maj\u00fa v\u00fdznam pre oblas\u0165 komunik\u00e1cie so satelitmi na obe\u017enej dr\u00e1he a pr\u00edjmu telemetrick\u00fdch d\u00e1t nanosatelitov vedeck\u00fdch t\u00edmov z cel\u00e9ho sveta.<\/p>\n<\/div><\/section><\/p><\/div><div  class='flex_column av-22drho-37f81e3f84649a78df247c49f44e34e0 av_one_half  avia-builder-el-5  el_after_av_one_half  el_before_av_section  avia-builder-el-last  flex_column_div  '     ><div  class='avia-icon-list-container av-lxc445p4-a24000ba5487c2a2072719a5a2ad136b  avia-builder-el-6  avia-builder-el-no-sibling '><ul class='avia-icon-list avia_animate_when_almost_visible avia-icon-list-left av-iconlist-big av-lxc445p4-a24000ba5487c2a2072719a5a2ad136b avia-iconlist-animate'>\n<li><div class='iconlist_icon av-lxc3ybtb-483501eb28332b3470967e5e74407873 avia-font-entypo-fontello'><span class='iconlist-char' aria-hidden='true' data-av_icon='\ue8dd' data-av_iconfont='entypo-fontello'><\/span><\/div><article class=\"article-icon-entry \"  itemscope=\"itemscope\" itemtype=\"https:\/\/schema.org\/CreativeWork\" ><div class=\"iconlist_content_wrap\"><header class=\"entry-content-header\"><h4 class='av_iconlist_title iconlist_title  '  itemprop=\"headline\" >Sledovanie kozmick\u00fdch objektov<\/h4><\/header><div class='iconlist_content '  itemprop=\"text\" ><p>Praktick\u00e1 demon\u0161tr\u00e1cia sledovania kozmick\u00fdch objektov.<\/p>\n<\/div><\/div><footer class=\"entry-footer\"><\/footer><\/article><div class=\"iconlist-timeline\"><\/div><\/li>\n<li><div class='iconlist_icon av-lxc41kpa-970858d098ee6aa07d2e07419ea435bb avia-font-entypo-fontello'><span class='iconlist-char' aria-hidden='true' data-av_icon='\ue8d3' data-av_iconfont='entypo-fontello'><\/span><\/div><article class=\"article-icon-entry \"  itemscope=\"itemscope\" itemtype=\"https:\/\/schema.org\/CreativeWork\" ><div class=\"iconlist_content_wrap\"><header class=\"entry-content-header\"><h4 class='av_iconlist_title iconlist_title  '  itemprop=\"headline\" >Telemetrick\u00e9 d\u00e1ta<\/h4><\/header><div class='iconlist_content '  itemprop=\"text\" ><p>Pr\u00edjem telemetrick\u00fdch d\u00e1t nanosatelitov a zasielanie ich do medzin\u00e1rodnej siete SatNOGS a TinyGS.<\/p>\n<\/div><\/div><footer class=\"entry-footer\"><\/footer><\/article><div class=\"iconlist-timeline\"><\/div><\/li>\n<li><div class='iconlist_icon av-lxc4287r-554243e460cfe5a9f1e121c6caa91b94 avia-font-entypo-fontello'><span class='iconlist-char' aria-hidden='true' data-av_icon='\ue82e' data-av_iconfont='entypo-fontello'><\/span><\/div><article class=\"article-icon-entry \"  itemscope=\"itemscope\" itemtype=\"https:\/\/schema.org\/CreativeWork\" ><div class=\"iconlist_content_wrap\"><header class=\"entry-content-header\"><h4 class='av_iconlist_title iconlist_title  '  itemprop=\"headline\" >Komunik\u00e1cia<\/h4><\/header><div class='iconlist_content '  itemprop=\"text\" ><p>Komunik\u00e1cia \u2013 zad\u00e1vanie pr\u00edkazov nanosatelitom.<\/p>\n<\/div><\/div><footer class=\"entry-footer\"><\/footer><\/article><div class=\"iconlist-timeline\"><\/div><\/li>\n<li><div class='iconlist_icon av-lxc4433p-2d3d0abc19961fbf1e9fd0dd7a497cda avia-font-entypo-fontello'><span class='iconlist-char' aria-hidden='true' data-av_icon='\ue803' data-av_iconfont='entypo-fontello'><\/span><\/div><article class=\"article-icon-entry \"  itemscope=\"itemscope\" itemtype=\"https:\/\/schema.org\/CreativeWork\" ><div class=\"iconlist_content_wrap\"><header class=\"entry-content-header\"><h4 class='av_iconlist_title iconlist_title  '  itemprop=\"headline\" >V\u00fdskum d\u00e1t zo satelitov<\/h4><\/header><div class='iconlist_content '  itemprop=\"text\" ><p>V\u00fdskum telemetrick\u00fdch d\u00e1t pre modelovanie spr\u00e1vania sa nanosatelitov v kozmickom priestore.<\/p>\n<\/div><\/div><footer class=\"entry-footer\"><\/footer><\/article><div class=\"iconlist-timeline\"><\/div><\/li>\n<\/ul><\/div><\/div><\/p>\n<\/div><\/div><\/div><!-- close content main div --><\/div><\/div>\n<style type=\"text\/css\" data-created_by=\"avia_inline_auto\" id=\"style-css-av-lxc4ejrv-e4b5745c0327c18271c4d6f2eaee9e0a\">\n.avia-section.av-lxc4ejrv-e4b5745c0327c18271c4d6f2eaee9e0a{\nbackground-color:#f7f7f7;\nbackground-image:unset;\n}\n<\/style>\n<div id='av_section_1'  class='avia-section av-lxc4ejrv-e4b5745c0327c18271c4d6f2eaee9e0a main_color avia-section-default avia-no-shadow  avia-builder-el-7  el_after_av_one_half  el_before_av_section  avia-bg-style-scroll container_wrap sidebar_right'  ><div class='container av-section-cont-open' ><div class='template-page content  av-content-small alpha units'><div class='post-entry post-entry-type-page post-entry-3740'><div class='entry-content-wrapper clearfix'>\n\n<style type=\"text\/css\" data-created_by=\"avia_inline_auto\" id=\"style-css-av-lxc4d8f3-8c87d3d949ad81ce123b9039dbf6095c\">\n#top .avia-gallery.av-lxc4d8f3-8c87d3d949ad81ce123b9039dbf6095c .avia-gallery-thumb a{\nwidth:50%;\n}\n<\/style>\n<div  class='avia-gallery av-lxc4d8f3-8c87d3d949ad81ce123b9039dbf6095c avia_animate_when_visible  avia-builder-el-8  avia-builder-el-no-sibling  avia_lazyload avia-gallery-animate avia-gallery-1'  itemprop=\"image\" itemscope=\"itemscope\" itemtype=\"https:\/\/schema.org\/ImageObject\" ><meta itemprop=\"contentURL\" content=\"https:\/\/grbbeta.tuke.sk\/index.php\/stredisko-riadenia\/\"><div class='avia-gallery-thumb'><a href=\"https:\/\/grbbeta.tuke.sk\/wp-content\/uploads\/2024\/06\/mcc1-1030x464.jpg\" data-srcset=\"https:\/\/grbbeta.tuke.sk\/wp-content\/uploads\/2024\/06\/mcc1-1030x464.jpg 1030w, https:\/\/grbbeta.tuke.sk\/wp-content\/uploads\/2024\/06\/mcc1-300x135.jpg 300w, https:\/\/grbbeta.tuke.sk\/wp-content\/uploads\/2024\/06\/mcc1-768x346.jpg 768w, https:\/\/grbbeta.tuke.sk\/wp-content\/uploads\/2024\/06\/mcc1-1536x691.jpg 1536w, https:\/\/grbbeta.tuke.sk\/wp-content\/uploads\/2024\/06\/mcc1-1500x675.jpg 1500w, https:\/\/grbbeta.tuke.sk\/wp-content\/uploads\/2024\/06\/mcc1-705x317.jpg 705w, https:\/\/grbbeta.tuke.sk\/wp-content\/uploads\/2024\/06\/mcc1.jpg 1920w\" data-sizes=\"(max-width: 1030px) 100vw, 1030px\" data-rel='gallery-1' data-prev-img='https:\/\/grbbeta.tuke.sk\/wp-content\/uploads\/2024\/06\/mcc1-495x400.jpg' class='first_thumb lightbox ' data-onclick='1' title=''  itemprop=\"thumbnailUrl\"  ><img decoding=\"async\" fetchpriority=\"high\" class=\"wp-image-3767 avia-img-lazy-loading-not-3767\"   src=\"https:\/\/grbbeta.tuke.sk\/wp-content\/uploads\/2024\/06\/mcc1-1500x630.jpg\" width=\"1500\" height=\"630\"  title='' alt='' \/><div class='big-prev-fake'><img decoding=\"async\" loading=\"lazy\" class=\"wp-image-3767 avia-img-lazy-loading-3767\"  width=\"495\" height=\"400\" src=\"https:\/\/grbbeta.tuke.sk\/wp-content\/uploads\/2024\/06\/mcc1-495x400.jpg\" title='' alt='' srcset=\"https:\/\/grbbeta.tuke.sk\/wp-content\/uploads\/2024\/06\/mcc1-495x400.jpg 495w, https:\/\/grbbeta.tuke.sk\/wp-content\/uploads\/2024\/06\/mcc1-845x684.jpg 845w\" sizes=\"auto, (max-width: 495px) 100vw, 495px\" \/><\/div><\/a><a href=\"https:\/\/grbbeta.tuke.sk\/wp-content\/uploads\/2024\/06\/mcc2-1030x464.jpg\" data-srcset=\"https:\/\/grbbeta.tuke.sk\/wp-content\/uploads\/2024\/06\/mcc2-1030x464.jpg 1030w, https:\/\/grbbeta.tuke.sk\/wp-content\/uploads\/2024\/06\/mcc2-300x135.jpg 300w, https:\/\/grbbeta.tuke.sk\/wp-content\/uploads\/2024\/06\/mcc2-768x346.jpg 768w, https:\/\/grbbeta.tuke.sk\/wp-content\/uploads\/2024\/06\/mcc2-1536x691.jpg 1536w, https:\/\/grbbeta.tuke.sk\/wp-content\/uploads\/2024\/06\/mcc2-1500x675.jpg 1500w, https:\/\/grbbeta.tuke.sk\/wp-content\/uploads\/2024\/06\/mcc2-705x317.jpg 705w, https:\/\/grbbeta.tuke.sk\/wp-content\/uploads\/2024\/06\/mcc2.jpg 1920w\" data-sizes=\"(max-width: 1030px) 100vw, 1030px\" data-rel='gallery-1' data-prev-img='https:\/\/grbbeta.tuke.sk\/wp-content\/uploads\/2024\/06\/mcc2-495x400.jpg' class='lightbox ' data-onclick='2' title=''  itemprop=\"thumbnailUrl\"  ><img decoding=\"async\" fetchpriority=\"high\" class=\"wp-image-3768 avia-img-lazy-loading-not-3768\"   src=\"https:\/\/grbbeta.tuke.sk\/wp-content\/uploads\/2024\/06\/mcc2-1500x630.jpg\" width=\"1500\" height=\"630\"  title='' alt='' \/><div class='big-prev-fake'><img decoding=\"async\" loading=\"lazy\" class=\"wp-image-3768 avia-img-lazy-loading-3768\"  width=\"495\" height=\"400\" src=\"https:\/\/grbbeta.tuke.sk\/wp-content\/uploads\/2024\/06\/mcc2-495x400.jpg\" title='' alt='' srcset=\"https:\/\/grbbeta.tuke.sk\/wp-content\/uploads\/2024\/06\/mcc2-495x400.jpg 495w, https:\/\/grbbeta.tuke.sk\/wp-content\/uploads\/2024\/06\/mcc2-845x684.jpg 845w\" sizes=\"auto, (max-width: 495px) 100vw, 495px\" \/><\/div><\/a><\/div><\/div>\n\n<\/div><\/div><\/div><!-- close content main div --><\/div><\/div><div id='av_section_2'  class='avia-section av-lxc4ltwo-8c45469c2813f5c191b4181a4b4583d0 main_color avia-section-default avia-no-shadow  avia-builder-el-9  el_after_av_section  avia-builder-el-last  avia-bg-style-scroll container_wrap sidebar_right'  ><div class='container av-section-cont-open' ><div class='template-page content  av-content-small alpha units'><div class='post-entry post-entry-type-page post-entry-3740'><div class='entry-content-wrapper clearfix'>\n<div  class='avia-video av-lxc4n14n-d81ed399f0d0203e9b7911527447a770 avia-video-16-9 av-no-preview-image avia-video-load-always av-lazyload-immediate av-lazyload-video-embed'  itemprop=\"video\" itemtype=\"https:\/\/schema.org\/VideoObject\"  data-original_url='https:\/\/youtu.be\/rg7cyOroAhE'><script type='text\/html' class='av-video-tmpl'><div class='avia-iframe-wrap'><iframe loading=\"lazy\" title=\"Mission Control Center\" width=\"1500\" height=\"844\" src=\"https:\/\/www.youtube.com\/embed\/rg7cyOroAhE?feature=oembed&autoplay=0&loop=0&controls=1&mute=0\" frameborder=\"0\" allow=\"accelerometer; autoplay; clipboard-write; encrypted-media; gyroscope; picture-in-picture; web-share\" referrerpolicy=\"strict-origin-when-cross-origin\" allowfullscreen><\/iframe><\/div><\/script><div class='av-click-to-play-overlay'><div class=\"avia_playpause_icon\"><\/div><\/div><\/div>\n<\/div><\/div><\/div><!-- close content main div --><\/div><\/div><div id='after_section_2'  class='main_color av_default_container_wrap container_wrap sidebar_right'  ><div class='container av-section-cont-open' ><div class='template-page content  av-content-small alpha units'><div class='post-entry post-entry-type-page post-entry-3740'><div class='entry-content-wrapper clearfix'>\n","protected":false},"excerpt":{"rendered":"","protected":false},"author":1,"featured_media":0,"parent":0,"menu_order":0,"comment_status":"closed","ping_status":"closed","template":"","meta":{"footnotes":""},"class_list":["post-3740","page","type-page","status-publish","hentry"],"_links":{"self":[{"href":"https:\/\/grbbeta.tuke.sk\/index.php\/wp-json\/wp\/v2\/pages\/3740","targetHints":{"allow":["GET"]}}],"collection":[{"href":"https:\/\/grbbeta.tuke.sk\/index.php\/wp-json\/wp\/v2\/pages"}],"about":[{"href":"https:\/\/grbbeta.tuke.sk\/index.php\/wp-json\/wp\/v2\/types\/page"}],"author":[{"embeddable":true,"href":"https:\/\/grbbeta.tuke.sk\/index.php\/wp-json\/wp\/v2\/users\/1"}],"replies":[{"embeddable":true,"href":"https:\/\/grbbeta.tuke.sk\/index.php\/wp-json\/wp\/v2\/comments?post=3740"}],"version-history":[{"count":24,"href":"https:\/\/grbbeta.tuke.sk\/index.php\/wp-json\/wp\/v2\/pages\/3740\/revisions"}],"predecessor-version":[{"id":3787,"href":"https:\/\/grbbeta.tuke.sk\/index.php\/wp-json\/wp\/v2\/pages\/3740\/revisions\/3787"}],"wp:attachment":[{"href":"https:\/\/grbbeta.tuke.sk\/index.php\/wp-json\/wp\/v2\/media?parent=3740"}],"curies":[{"name":"wp","href":"https:\/\/api.w.org\/{rel}","templated":true}]}}